= 23*p**2 + 17*p - 16. What is n(1)?
24
Let t(z) = -4*z**2 + 439*z - 656. Calculate t(108).
100
Let u(o) = o**3 - 9*o**2 - 38*o - 96. Give u(14).
352
Let k(r) = 4*r**3 - 62*r**2 + 212*r + 73. Give k(10).
-7
Let f(n) = -2*n**3 - 954*n**2 - 954*n + 1. Calculate f(-1).
3
Let j(w) = 3897*w - 3906. Calculate j(1).
-9
Let h(g) = -2*g**2 + 3*g - 14. What is h(5)?
-49
Let t(z) = -17*z**2 + 2*z - 60. What is t(6)?
-660
Let z(u) = 2*u**2 + 396*u - 15772. Calculate z(34).
4
Let k(f) = 2*f**3 - 5*f**2 + 144*f - 283. What is k(2)?
1
Let z(p) = 6*p**2 - 56*p - 107. Calculate z(-2).
29
Let g(i) = -i**2 + 31*i - 209. What is g(26)?
-79
Let q(a) = -2*a**3 + 23*a**2 - 9*a - 55. What is q(11)?
-33
Let g(k) = -19*k**3 + 208*k**2 + 11*k - 8. Calculate g(11).
-8
Let g(x) = -435*x + 2201. Give g(5).
26
Let q(z) = -24*z + 591. Determine q(25).
-9
Let y(g) = g**3 - 12*g**2 - 746*g + 25. What is y(-22)?
-19
Let s(l) = -78*l + 489. What is s(7)?
-57
Let v(y) = 2*y**3 - 16*y**2 + 9*y + 35. Give v(7).
0
Let h(m) = -10*m - 50. Calculate h(40).
-450
Let j(n) = -75*n + 5847. Give j(77).
72
Let q(i) = 18*i + 39. What is q(-1)?
21
Let w(i) = -i**3 - 13*i**2 - 4*i + 21. Calculate w(-9).
-267
Let s(v) = -51*v + 172. Calculate s(4).
-32
Let p(z) = -16*z**2 + 452*z - 540. Give p(27).
0
Let o(d) = -6*d - 151. Calculate o(-33).
47
Let q(d) = 26*d**2 + 4*d - 21. Calculate q(-3).
201
Let a(n) = 5*n**2 - 132*n + 18. Calculate a(27).
99
Let l(b) = -300*b + 1212. Give l(4).
12
Let s(v) = 27*v - 337. Calculate s(11).
-40
Let s(c) = 20*c + 361. Give s(-12).
121
Let i(m) = 356*m + 3885. Give i(-11).
-31
Let f(h) = h**2 + 72*h - 1125. What is f(13)?
-20
Let i(c) = c**3 - 55*c**2 - 60*c + 173. Give i(56).
-51
Let x(y) = y**3 - 112*y**2 - 1224*y + 463. Determine x(122).
-25
Let x(j) = -2*j**3 + 10*j**2 + 62*j - 289. Determine x(6).
11
Let f(g) = -g**3 - 32*g**2 - 87*g - 15. Calculate f(-29).
-15
Let v(b) = 51*b + 11374. Give v(-223).
1
Let r(q) = -46*q + 44. What is r(8)?
-324
Let c(x) = 266*x - 4240. Calculate c(16).
16
Let a(j) = 4*j**3 + 99*j**2 - 30*j - 91. Determine a(-25).
34
Let m(r) = 24*r**2 - 454*r - 17. What is m(19)?
21
Let r(f) = 2*f**2 + 103*f + 99. Calculate r(-46).
-407
Let s(k) = 12*k + 111. Calculate s(-16).
-81
Let w(x) = -x**2 - 109*x - 2970. Give w(-52).
-6
Let x(h) = -h**3 - 5*h**2 - 93*h - 476. Give x(-5).
-11
Let s(b) = 9*b**2 - 492*b - 3880. Calculate s(-7).
5
Let z(y) = -2*y**3 - 14*y**2 - 2*y + 1020. Calculate z(0).
1020
Let a(t) = -20*t**2 - 439*t + 963. Calculate a(2).
5
Let b(x) = 891*x - 2686. Calculate b(3).
-13
Let g(z) = -10*z + 566. Give g(56).
6
Let p(g) = -g**3 + 58*g**2 - 211*g + 49. What is p(54)?
319
Let k(i) = 19*i - 18. Give k(2).
20
Let r(m) = m**3 - 48*m**2 - 52*m + 56. What is r(49)?
-91
Let h(z) = 4*z**2 + 48*z - 69. Calculate h(-13).
-17
Let v(j) = 54*j + 4975. What is v(-92)?
7
Let t(l) = -27*l**2 - 25*l + 1. Calculate t(-1).
-1
Let b(c) = -31*c + 697. Give b(21).
46
Let l(g) = -2*g**2 - 41*g + 927. Calculate l(-34).
9
Let v(d) = -1739*d - 27. Give v(0).
-27
Let s(x) = -1137*x - 1117. Determine s(-1).
20
Let d(m) = 14*m + 220. Determine d(-47).
-438
Let a(i) = -i**3 - 8*i**2 - 48*i - 503. Calculate a(-9).
10
Let c(y) = -2*y**3 + 17*y**2 + 112*y + 4. Determine c(-6).
376
Let x(s) = 1439*s - 4325. What is x(3)?
-8
Let a(i) = -8762*i + 78871. Calculate a(9).
13
Let t(n) = -67*n + 1412. Determine t(22).
-62
Let b(j) = -54*j - 5876. Give b(-110).
64
Let l(o) = 79*o + 2203. Determine l(-28).
-9
Let l(s) = 177*s + 1631. Determine l(-5).
746
Let t(s) = s**3 + 39*s**2 - 3*s - 35. Give t(-39).
82
Let n(v) = -10*v + 588. Give n(60).
-12
Let d(u) = 43*u + 60. Determine d(-3).
-69
Let t(q) = -q**3 - 4*q**2 - 22. Calculate t(0).
-22
Let f(b) = 147*b**2 + 3813*b - 247. What is f(-26)?
-13
Let c(z) = 29*z**2 + 163*z - 7. Calculate c(-6).
59
Let c(g) = 6*g**2 + 6*g - 15. What is c(2)?
21
Let b(j) = -j**2 - 32*j - 121. Determine b(-29).
-34
Let b(d) = 14*d + 427. What is b(-29)?
21
Let r(x) = 10*x - 44. Give r(0).
-44
Let h(w) = -2*w**2 - 423*w + 2170. Give h(5).
5
Let n(o) = -75*o**3 - 4*o - 4. Give n(-1).
75
Let d(k) = 3*k**3 - 30*k**2 + 19*k + 88. Calculate d(9).
16
Let t(j) = -11*j**3 - 378*j**2 - 137*j - 37. What is t(-34)?
-3
Let w(s) = -s**3 + 8*s**2 - 15*s + 10. Determine w(7).
-46
Let z(w) = -3*w**2 + 8*w + 2. What is z(7)?
-89
Let p(g) = 341*g + 882. What is p(-2)?
200
Let p(v) = 7*v**2 + 17*v - 8. Give p(-3).
4
Let l(t) = -t**3 + 4*t**2 + 38*t + 74. What is l(12)?
-622
Let q(p) = -203*p + 21740. Determine q(107).
19
Let s(h) = -h**2 - 1008*h + 21610. Calculate s(21).
1
Let h(z) = -867*z**2 - 13*z + 10. Determine h(1).
-870
Let b(s) = 1734*s - 17336. Calculate b(10).
4
Let h(v) = -963*v - 51045. What is h(-53)?
-6
Let w(s) = -2*s**3 - 27*s**2 - 2*s - 264. What is w(-14)?
-40
Let r(n) = 149*n + 1714. What is r(-11)?
75
Let c(s) = 99*s + 956. Calculate c(-8).
164
Let y(w) = -2*w**3 + 2*w**2 + 75*w + 216. What is y(-3)?
63
Let p(f) = -2*f**3 - 88*f**2 - 91*f - 200. Determine p(-43).
15
Let k(f) = -f**3 + 108*f**2 - 284*f - 3259. Determine k(105).
-4
Let g(x) = 49*x - 29. Calculate g(3).
118
Let g(w) = -170*w + 1696. Give g(10).
-4
Let a(u) = 20*u - 248. What is a(11)?
-28
Let z(i) = i**2 + 20*i - 53. Give z(-27).
136
Let x(v) = -83*v + 354. Calculate x(0).
354
Let q(w) = -w**3 - 6*w**2 - 13*w - 45. What is q(-5)?
-5
Let l(u) = -3*u**2 + 82*u + 146. Determine l(29).
1
Let c(f) = -f**3 - 7*f**2 + 230*f + 17. Determine c(-19).
-21
Let y(h) = -70*h + 413. What is y(6)?
-7
Let g(y) = y**3 + 24*y**2 - 115*y - 144. Determine g(5).
6
Let x(s) = s**3 + 200*s**2 + 431*s + 6903. Give x(-198).
-27
Let h(t) = t**3 - 145*t**2 + 4659*t - 292. Calculate h(97).
-1
Let d(h) = 64*h - 3842. Calculate d(60).
-2
Let d(i) = -i**3 - 775*i**2 - 66344*i + 198. What is d(-98)?
2
Let p(u) = 2*u**3 - 5*u**2 + 17*u + 57. What is p(-6)?
-657
Let h(z) = -2*z**3 - 3*z**2 + 41*z + 99. What is h(-4)?
15
Let g(f) = -f**3 + 11*f**2 + 29. What is g(0)?
29
Let x(r) = -73*r**2 - 19*r - 58. Give x(-2).
-312
Let w(m) = -m**2 - 39*m - 168. What is w(-39)?
-168
Let k(v) = v**3 - 44*v**2 + 404*v - 43. Calculate k(31).
-12
Let m(n) = -17*n**2 + 122*n - 2. Determine m(7).
19
Let y(m) = 2*m**3 + 36*m**2 + 85*m + 272. Calculate y(-16).
-64
Let h(y) = -y**2 - 11*y - 16. Give h(-6).
14
Let d(c) = -88*c**2 + 701*c - 13. What is d(8)?
-37
Let z(d) = d**3 - 5*d**2 + 11. Give z(4).
-5
Let h(b) = 16*b + 319. What is h(-28)?
-129
Let d(k) = -285*k + 4568. What is d(16)?
8
Let g(a) = -a**2 + 14*a + 107. Calculate g(12).
131
Let x(c) = 851*c - 22978. What is x(27)?
-1
Let d(u) = 59*u + 303. Determine d(-4).
67
Let g(h) = 2*h**2 - 36*h - 357. Give g(25).
-7
Let t(c) = -c**3 + 16*c**2 - 19*c - 3. What is t(15)?
-63
Let m(l) = l**2 - 2*l - 290. Determine m(15).
-95
Let h(y) = -y**2 + 47*y - 36. Determine h(19).
496
Let g(t) = 2*t**3 - t**2 + 1934*t - 1934. Give g(1).
1
Let l(x) = 1214*x - 89847. What is l(74)?
-11
Let v(u) = -4*u - 82. Determine v(-36).
62
Let o(m) = -m**2 + 99*m - 1387. Calculate o(17).
7
Let r(u) = u**3 - 38*u**2 - 131*u - 73. Calculate r(41).
-401
Let i(y) = -2*y**3 - 26*y**2 + 3*y + 57. Give i(-13).
18
Let q(l) = -13*l**2 - 5. Determine q(2).
-57
Let v(g) = 3*g**2 - 89*g + 728. Determine v(16).
72
Let t(v) = 4*v**3 - 13*v**2 + v + 17. Determine t(3).
11
Let y(x) = 90*x**3 - 13*x - 14. Give y(-1).
-91
Let x(i) = -31*i - 270. Determine x(-12).
102
Let i(p) = -5*p**2 + 14*p + 55. Give i(11).
-396
Let k(q) = -80*q - 2876. Determine k(-36).
4
Let c(n) = 15*n**2 - 17*n - 9. Determine c(-4).
299
Let q(k) = k**3 - 49*k**2 + 118*k - 1119. Calculate q(47).
9
Let v(n) = -103*n + 1451. What is v(14)?
9
Let n(a) = -5*a**3 - 2*a**2 + 15*a + 34. What is n(-2)?
36
Let q(k) = 10*k**2 - 97*k + 62. What is q(9)?
-1
Let m(l) = 66*l - 36. What is m(-3)?
-234
Let u(p) = p**3 - 4*p**2 - 7*p + 26. What is u(4)?
-2
Let c(y) = 36*y - 11739. What is c(326)?
-3
Let f(w) = 2*w**2 + 49*w - 792. Give f(-35).
-57
Let b(y) = -133*y**3 + y. Give b(-1).
132
Let o(r) = 164*r - 46. Give o(-1).
-210
Let r(v) = -10*v + 279. What is r(30)?
-21
Let j(d) = -d**3 + 34*d**2 - 29*d - 81. Determine j(33).
51
Let l(y) = y**3 - 110*y**2 + 2*y - 222. What is l(110)?
-2
Let i(w) = 2*w**2 - 35*w - 18. Determine i(8).
-170
Let k(p) = 2*p**3 - 